 h(c)?
61
Suppose 0 = 14*c - 494 - 430. What are the prime factors of c?
2, 3, 11
Suppose -2*p - p = -3*z - 579, -5*z - 587 = -3*p. Let n = p + -101. List the prime factors of n.
2, 11
Suppose -5*l = -n - 21236, 0 = 3*l - 2*l - 4*n - 4232. List the prime factors of l.
2, 3, 59
Let y = -20 + 23. Suppose -16 = d + 4*w, -d + 12 = -y*d - 4*w. List the prime factors of d.
2
Let r = -6 - -17. Let c be (r - 433)/(0 - -1). List the prime factors of c/(-10) - (-4)/5.
43
Let g = 291 + -249. List the prime factors of g.
2, 3, 7
List the prime factors of -10 - (-3745)/(-7)*-7.
3, 5, 83
Suppose -11*t + 15*t = -3*l + 2780, -4*t - l = -2788. What are the prime factors of t?
2, 349
Suppose 100 - 36 = 3*b + 4*h, -h = -b + 19. Suppose -w - b = -3*w. What are the prime factors of 5*(48/w - -1)?
29
Suppose -5346 = -6*g - 1416. List the prime factors of g.
5, 131
Suppose -4*s = -s + 3. What are the prime factors of (-68)/(-5) - (s + 12/20)?
2, 7
Let y = 9 - 34. Suppose -5*k = -5*i + 5, 0 = 5*i - 4*k - 0*k. List the prime factors of (90/y)/(i/30).
3
Suppose 0 = 3*l - 8*l + 10. Suppose -5*r = 2*q - 3*q - 3, -r = -l*q + 21. Suppose -3*i = i - q. What are the prime factors of i?
3
Let g(j) = j**2 - 16*j + 3. Let n be g(16). Suppose n*i - 132 = -0*i. List the prime factors of i.
2, 11
Suppose -3*z + 0*z + 192 = 0. Let s = z + 1. Suppose l - 6*l + s = 0. List the prime factors of l.
13
Let k = 51 + -55. List the prime factors of (2/(-4))/(k + 3)*166.
83
Let o(p) be the third derivative of -p**5/60 - 11*p**4/12 - 7*p**3/2 + 5*p**2. List the prime factors of o(-18).
3, 17
Let l(p) = 2*p + 4. Let t be (-8 + -1)*8/8. Let n = 12 + t. What are the prime factors of l(n)?
2, 5
Let o = 1 + -5. Suppose 0*n + n = 3*n. What are the prime factors of (-9)/((o - -3) + n)?
3
Suppose -4*p + 3*y = p - 24542, -1 = -y. List the prime factors of p.
4909
Let m = 689 - 532. List the prime factors of m.
157
Let c(v) = v + 7. Let p be c(-6). Let y(h) = 5*h**2 - h**2 - p - 5*h**2 - h - 18*h**3. What are the prime factors of y(-1)?
17
Suppose 5*l + 1 = 11. Let p = l - -33. Let k = 88 - p. What are the prime factors of k?
53
Let j = 191 + -113. What are the prime factors of (6/4)/(j/8632)?
2, 83
Let u = 269 - 18. What are the prime factors of u?
251
Suppose 0 = 43*c - 18831 - 40337. What are the prime factors of c?
2, 43
Suppose -25*d = -30*d + 1845. What are the prime factors of d?
3, 41
Suppose v = 4*a - 9, 3*a + 4*v = 23 - 2. Suppose 2*u - a*u + 38 = 0. What are the prime factors of u?
2, 19
Let o(m) = -2*m**2 + 5*m + 8. Let t(u) = -2*u**2 + 6*u + 9. Let s(n) = -4*o(n) + 3*t(n). What are the prime factors of s(-3)?
19
Suppose -6*w = -7 - 11. What are the prime factors of (-9)/(-2)*78/w?
3, 13
List the prime factors of -1 + 1895*9/45.
2, 3, 7
Suppose 6*v - 1013 = 1867. What are the prime factors of v?
2, 3, 5
Let t be (-7)/21 - 17/3. List the prime factors of (18*9/(-2))/(t/4).
2, 3
List the prime factors of 1587 + 6 + (-40)/5.
5, 317
What are the prime factors of 18/3 - (-459 - 14)?
479
Let q(s) = 49*s**2 + 7*s - 27. What are the prime factors of q(3)?
3, 5, 29
Let i(p) = -p**2 - 23*p + 2. Let u be i(-23). List the prime factors of u/(-4) + (-1788)/(-24).
2, 37
Let h(v) = 113*v**2 + 3*v - 1. What are the prime factors of h(-2)?
5, 89
Let l = -12 + 14. Suppose 24 + 20 = l*p. What are the prime factors of ((-3)/(-6))/(1/p)?
11
Let n = -570 - -881. What are the prime factors of n?
311
Let r(x) = -2*x**2 - 4*x**2 + 3*x**2 - 12*x + 4*x**2. Let b be r(12). Suppose -k + b = -26. List the prime factors of k.
2, 13
Suppose s - 4*m = 8, s = -2*s + 2*m + 54. What are the prime factors of s/8*-2 - -124?
7, 17
Suppose 2*y - 2*k = 130, 0 = 5*y + 3*k - 282 - 51. Suppose -n - 2*n - y = 0. What are the prime factors of (-4)/n + 2740/55?
2, 5
Suppose -4*r - 14 + 96 = -5*n, -n - 5*r = 28. Let d(p) = -8*p - 13. What are the prime factors of d(n)?
131
Suppose 0 = -4*k + 5*k - z - 583, 0 = -5*k - 3*z + 2923. List the prime factors of k.
2, 73
Let x = -23 - -33. Suppose x = -2*w - 5*y, 0*w - 2*y = w + 5. What are the prime factors of 10/25 - 378/w?
2, 19
List the prime factors of (-619047)/(-259) - (-8)/(-7).
2389
Let m = -227 - -583. What are the prime factors of m?
2, 89
Suppose -q + 5*g = 8 - 2, -3*q + 46 = g. What are the prime factors of (3 - 57/21) + 318/q?
23
Let i(p) = -2*p**2 + 3*p + 7. List the prime factors of i(0).
7
Let d(f) = -3*f**2 + 99*f + 36. List the prime factors of d(31).
2, 3, 37
Let z be ((-6)/(-4))/(12/(-16)). Let s = 10 - z. What are the prime factors of s?
2, 3
Suppose -2*s = -3*t - 44, 2*t - 6 = s - 30. Suppose 12*l + 416 = s*l. List the prime factors of l.
2, 13
Let u(p) be the second derivative of p**4/12 - 13*p**3/6 - 23*p**2/2 + 8*p. List the prime factors of u(18).
67
Let i be -5 + 3 - 1*-2. Suppose -2*b + 8 = -i*b. Suppose -4 = -5*h - 3*g + 1, b*h = -3*g + 1. List the prime factors of h.
2
Let a be ((-44)/(-8) - 4)*42. Suppose 2*o + l - a = 0, -66 = -2*o + 3*l - 7*l. List the prime factors of o.
31
Let g = 79 - 48. Suppose n + g = 107. Suppose 0 = v + v - n. List the prime factors of v.
2, 19
Suppose -4*z = -l - 874 - 574, 4*l = -3*z + 1086. What are the prime factors of z?
2, 181
Suppose -72*y + 73*y = -4*a + 759, 4*y - 957 = -5*a. What are the prime factors of a?
3, 7
Suppose 22*q - 9936 = 13*q. What are the prime factors of q?
2, 3, 23
Let c = -29 + 33. Suppose m = -3*i + c*i + 6, 0 = 3*i. List the prime factors of m.
2, 3
Suppose -29 = -3*r + 10. Let d = r - 10. List the prime factors of -41*d*(-1)/3.
41
Suppose 350*h + 5400 = 356*h. What are the prime factors of h?
2, 3, 5
List the prime factors of (-6)/(-16) - 29052/(-96).
3, 101
Suppose -2*b + b + 2 = 0, -2*b - 2 = -2*s. Let x = 0 + s. Suppose -x*w + 13 = -38. List the prime factors of w.
17
Suppose 0 = -z - 2*g + 97 + 196, 5*z - 1465 = 2*g. Suppose 6*a - a + w = -z, 2*a + 122 = 2*w. Let x = a + 93. What are the prime factors of x?
2, 17
Let m be -6*(3/(-9) - 5/(-3)). Let p(a) = 3 - 3*a + 0*a - 8. List the prime factors of p(m).
19
Suppose 0 = 5*n - 0*n - 155. Let o = n + -27. What are the prime factors of o?
2
Let k(b) be the third derivative of b**6/20 + b**5/20 - b**4/6 + b**3/6 - 4*b**2. Let f be k(3). Suppose 74 = 4*g - f. List the prime factors of g.
3, 7
Let r(t) = 2*t**3 + 63*t**2 + 9*t + 47. List the prime factors of r(-30).
2477
Let t(k) = 2*k - 2. Let g be t(3). Suppose -g*q + 2*a = -226, q = 2*q - 2*a - 49. What are the prime factors of q?
59
Suppose -4*f + 127 = 3*i - 83, 214 = 4*f + 5*i. Let d = -7 + f. Suppose 4*w + 2*k = -k + 111, d = w + 4*k. What are the prime factors of w?
2, 3
Let h(n) = n**2 + 5*n + 2. Suppose 6*p = 5 - 53. What are the prime factors of h(p)?
2, 13
Suppose 2*y = y. Suppose -98 = -7*j - y*j. List the prime factors of j.
2, 7
Suppose 3*s + 5*v + 418 = 47, 3*s + 363 = -3*v. What are the prime factors of (s/(-6) - -5)*(3 - 1)?
7
Let c(y) = -4*y + 52. Let t be c(12). List the prime factors of -1 + t/3 + (-28241)/(-93).
2, 19
Let m(n) = -3*n + 15 - 21 - n. Let f be m(-2). Suppose f*u = 20 + 12. List the prime factors of u.
2
Let t = 47 - 48. List the prime factors of -1 + 1 + 4 + t.
3
Let l(h) = 3*h + 10. Let n = 106 - 96. List the prime factors of l(n).
2, 5
Suppose 5*m = -15, -3*n - 1071 = -0*m + 4*m. Let y = n + 244. Let l = -33 - y. What are the prime factors of l?
2, 19
Suppose -7812 + 8229 = o. List the prime factors of o.
3, 139
Let l be ((-20)/12)/((-2)/6). Suppose 0 = -l*x + 1 - 6. What are the prime factors of 23 - x/(-1)*-3?
2, 13
Suppose 0 = -4*i, 3*r - 8 = 7*r + 5*i. Let w be ((-1)/r)/((-1)/(-192)). Suppose -u + 3*u + 4*x - 50 = 0, 3*u - x = w. What are the prime factors of u?
31
Let p(f) = -4*f + 11. Let h be p(-6). Suppose 40*d = h*d + 35. What are the prime factors of d?
7
Let j be ((-22)/55)/((-1)/(-5)). Let h = 8 - j. What are the prime factors of h?
2, 5
Let x(n) = -n**3 + 2*n**2 + 2*n - 2. Let z be x(2). Suppose -z*t + 65 = -t. List the prime factors of t.
5, 13
Let m(h) = -5*h**2 + 2*h + 4. Let y be m(3). Let d = 151 + y. What are the prime factors of d?
2, 29
Let p = -35 - -46. Suppose p = 2*c - 9. List the prime factors of c.
2, 5
Let n(i) = -28*i - 17. What are the prime factors of n(-25)?
683
Let k(r) = -r + 1. Let w be k(3). List the prime factors of (-10)/(w + (-21